vided by y?
13
Suppose 8701 = 2*p - o, -6*o = -9*o - 3. Calculate the remainder when 178 is divided by ((-6)/(-10))/(29/p).
88
Let d = -96 - -98. Calculate the remainder when (-7)/(28/(-46))*d is divided by 2/(-5)*(1 + -21).
7
Suppose 3*f = -2*w + 185, 5*f = 4*w - 461 + 36. Suppose 6*y = 4*y + 598. What is the remainder when y is divided by w?
99
Suppose 5 = -5*h - 0. Let k = 12 + h. Let l = 71 + -41. Calculate the remainder when l is divided by k.
8
Suppose -2*z - 8 = -28. Suppose z*w - 4*w - 330 = 0. Suppose -4*g + w = g. What is the remainder when 31 is divided by g?
9
Let m = -24 - -35. What is the remainder when (-45)/(-25)*(9 + 31) is divided by m?
6
Suppose -10974 = -2*l - 10894. Calculate the remainder when 69 is divided by l.
29
Suppose -5*c + 4*n = -9295, 1127 = c + 5*n - 703. Calculate the remainder when c is divided by 93.
88
Calculate the remainder when 460 is divided by 23/437 + 262995/1140 + 1/4.
229
Let b(u) = -u**3 - 6*u**2 - 7*u - 28. Let n be (-84)/10 - 658/(-470). What is the remainder when 487 is divided by b(n)?
67
Let b = 20 + -17. Let s = 229 - 225. Calculate the remainder when (-1)/b - (-56)/6 is divided by s.
1
Let p(w) = -5*w + 20. Let q be p(-10). Suppose 0 = q*b - 64*b - 66. Suppose -v - b*v = -36. What is the remainder when 6 is divided by v?
0
Let d = -86 + -142. Let o = 237 + d. Calculate the remainder when o is divided by 6.
3
Suppose 95 - 1 = 2*k. Suppose 0 = -5*n + t - 11 + k, 0 = -t - 1. Calculate the remainder when 46 is divided by n.
4
Let z = 208 + -149. Let n be -9*(2 + 10/15). Let r = -9 - n. What is the remainder when z is divided by r?
14
Suppose 26 + 39 = 5*p. Calculate the remainder when 110 + 4*12/8 is divided by p.
12
Let x = -311 - -621. Let q = x - 30. What is the remainder when q is divided by 71?
67
Let l = 70 - 66. Suppose 2*c + 2*h = l, 0*c - 5*c - h + 30 = 0. Suppose -x - 24 = -3*x. What is the remainder when x is divided by c?
5
Let z(l) = l**3 + 32. Let s = -12 - -12. Calculate the remainder when z(s) is divided by 207/12 + 6 + 25/(-4).
15
Suppose -3*f + 4*r + 259 = 0, -4*f + 4*r - 146 = -6*f. Calculate the remainder when 104 is divided by f.
23
Let h = -15 - -30. Let v(b) = 7*b - 111. Suppose 2*c + 5*r = 19, -3*c + 5*c + r - 31 = 0. What is the remainder when h is divided by v(c)?
7
Let l(t) = t**3 - 12*t**2 + 27*t + 8. Let g(n) = -15*n - 36. Let y be g(-3). Calculate the remainder when l(y) is divided by 10/(-6)*-3 - 2.
2
Let z(h) = 22*h**2 - 50*h - 309. Calculate the remainder when z(-6) is divided by 207.
162
Let m be (24/9)/(5/(-90) + 0). Let h = -41 - m. Calculate the remainder when h is divided by 6.
1
Let k = -151 - -142. What is the remainder when 80 is divided by ((-204)/k)/((-2)/(-3))?
12
Let d = -654 - -717. Calculate the remainder when d is divided by 8.
7
Let b(i) = i**2 + 4*i + 2. What is the remainder when b(-4) is divided by (-30 - -32)/((-6)/15) + 7?
0
Suppose 25325 - 62122 = -67*z + 18210. Calculate the remainder when z is divided by 69.
62
Let q(y) = -y**2 + y + 15. Let l(u) = -u. Let z(p) = l(p) - q(p). Let s be z(-3). Suppose s = -f - 7*f + 784. What is the remainder when f is divided by 26?
20
Let u(w) = 3*w**3 + 2*w**2 + w + 1. Let o(b) = -31*b**2 - 141*b + 31. What is the remainder when o(-4) is divided by u(2)?
29
Suppose n - 5*j - 38 = 0, 2*n + j - 160 + 51 = 0. Suppose n*c - 60*c = -3073. Calculate the remainder when c is divided by 49.
47
Suppose 4*u + 4*w = -4 - 0, 0 = 4*u + 3*w. Suppose 0 = 3*v - 2*h - 211, 2*v + 82 = 3*v - u*h. Let b = -32 - -47. Calculate the remainder when v is divided by b.
7
Suppose -d + 219 = 3*p, 0*p + 2*p + 2*d - 146 = 0. Suppose -56 = -7*l + l + 178. Calculate the remainder when p is divided by l.
34
Let l(s) = -15*s**2 + 11*s + 4. Let k be l(3). Let c = k - -169. Let f = c + -52. What is the remainder when f is divided by 11?
8
Let p(b) = 2*b + 186 - 172 - 6*b + 2*b. What is the remainder when 11 is divided by p(6)?
1
Suppose -40*d - 15 = -45*d, -10*g = 5*d - 7375. Calculate the remainder when g is divided by 316.
104
What is the remainder when 798 is divided by (-2)/6*-3*(-7876)/(-44)?
82
Suppose f - 14*z + 9*z - 225 = 0, 0 = 5*z. What is the remainder when f is divided by 6?
3
Suppose -5*g + 98 - 13 = 0. Let s(b) = 105*b**2 + 3 - 7*b + g*b - 6*b. What is the remainder when s(-1) is divided by 36?
32
Suppose -2*p + 3*u + 164 = 51, -1 = -u. What is the remainder when 446 is divided by p?
40
Let u = 9097 - 8896. What is the remainder when 8038 is divided by u?
199
Suppose 4 = 5*o - 11. Let a(m) be the third derivative of 11*m**5/60 + m**4/8 + m**3/3 + 7*m**2 + 15*m + 3. Calculate the remainder when a(o) is divided by 29.
23
Let d(t) = -t**2 + 3*t + 9. Let k be d(3). Let n(b) = -4*b + 32. Let j be n(k). Calculate the remainder when 48*(j - (2 + -7)) is divided by 10.
8
Let x = -214 - -250. Suppose -x*p + 1430 + 658 = 0. Calculate the remainder when p is divided by 30.
28
Let g = 6633 - 6578. Let m = 870 - 266. What is the remainder when m is divided by g?
54
Let t be 35/14*6/3 + 1. Suppose -t*i - 444 = -18*i. Calculate the remainder when 70 is divided by i.
33
Let x(t) = -7*t**3 - 26*t**2 - 71*t + 16. Calculate the remainder when x(-6) is divided by 4.
2
Let d = 4 + -1. Let x = -9852 - -9857. Suppose x*t = -d*y + 67, 7*t - 52 = 3*t - 2*y. Calculate the remainder when t is divided by 6.
5
Suppose 179*v = -140*v + 87*v + 6728. What is the remainder when 2260 is divided by v?
27
Suppose 6*q - 2*q = -3356 + 3588. Suppose 0 = 3*p - 23 - 31. Calculate the remainder when q is divided by p.
4
What is the remainder when ((-12)/(-16))/(393/24104) is divided by (-2)/(1*1/(-8))?
14
Suppose 10*v - 243 = v. Calculate the remainder when 652/13 - (-6)/(-312)*8 is divided by v.
23
Suppose d - 3*z - 169 = 0, 8*z = -3*d + 10*z + 479. Let f = -146 + d. Calculate the remainder when 57 is divided by f.
2
Let c = -508 - -504. What is the remainder when 135 is divided by 31/31 - (c - -2 - 122)?
10
Suppose -m + 4*o = -406, 5*m - 173 = -3*o + 1857. What is the remainder when m is divided by 42?
28
Let r(h) = 20*h**2 - 258*h. What is the remainder when 375 is divided by r(13)?
11
Suppose -314*p = -362*p + 5283 - 1155. What is the remainder when 3004 is divided by p?
80
Let z(i) = 61*i - 323. What is the remainder when 603 is divided by z(6)?
1
Let b(x) = 2*x**2 - 7*x - 2. Let j be b(6). Let g = -25 + j. Suppose 0 = -g*o - 2*d + 21, 28 = 4*o + 2*d - 0*d. Calculate the remainder when 7 is divided by o.
0
Let m = 64 + -52. Let b be m*(3/15)/(9/30). Calculate the remainder when 38 is divided by b/20 - (-432)/20.
16
Suppose 40*m - 39*m - 6292 = -q, 32 = 4*m. What is the remainder when q is divided by 233?
226
Let q(u) = u - 12*u**2 + 6*u - 9*u**2 + 54*u**2 - 30*u**2 - u**3 - 4. Let l(o) = -o. Let x be l(-4). What is the remainder when 63 is divided by q(x)?
7
Suppose -55*p + 451*p - 48312 = 0. Suppose 11 = s - 5*n - 0*n, 5*n = -4*s + 94. What is the remainder when p is divided by s?
17
Let u = -992 + 992. Suppose -3*k + 109 = 4*i - 134, 4*k - 3*i - 349 = u. Calculate the remainder when k is divided by 19.
9
Suppose 0*w + 5*u - 655 = -2*w, 1254 = 4*w + 2*u. Calculate the remainder when w is divided by 159.
151
Let d(a) be the third derivative of a**5/15 + a**4/6 - 4*a**3/3 - 2*a**2. Calculate the remainder when d(4) is divided by 285/(8 + 11) + 0/(-1).
12
What is the remainder when (-42)/98*14*2885/(-10) is divided by 19?
2
Let l(v) = -7*v - 3. Let s = 65 - 62. Suppose 0 = -s*i - 12, -5*u + 93 = 5*i - 147. Calculate the remainder when u is divided by l(-3).
16
Suppose 0 = -142*m + 214533 + 394789. Calculate the remainder when m is divided by 113.
110
Suppose -11900 = -4*j + 4*t, -183*t = -2*j - 187*t + 5950. Calculate the remainder when j is divided by 62.
61
Suppose 8*f = 6*f - 76. Let y = f - -46. Let g(c) = -c**3 + 7*c**2 + 11*c - 1. Calculate the remainder when g(y) is divided by 4.
3
Suppose -6572 = 260*r - 34132. Calculate the remainder when 365 is divided by r.
47
Suppose -66*k + 11*k = 9*k - 1600. Calculate the remainder when 938 is divided by k.
13
Suppose -56*w - 13611 = -158375 + 3476. What is the remainder when w is divided by 19?
15
Let f = -21887 + 21966. What is the remainder when 118 is divided by f?
39
Let w = -84 + 314. Suppose -2*h - 2*s - w 